nds digit of 52387?
5
What is the thousands digit of 2855?
2
What is the hundreds digit of 107293?
2
What is the tens digit of 3273?
7
What is the thousands digit of 1143?
1
What is the units digit of 4408?
8
What is the thousands digit of 60177?
0
What is the units digit of 19155?
5
What is the units digit of 39068?
8
What is the ten thousands digit of 59420?
5
What is the hundreds digit of 4508?
5
What is the units digit of 120?
0
What is the tens digit of 16485?
8
What is the hundreds digit of 26762?
7
What is the hundreds digit of 7971?
9
What is the hundreds digit of 2078?
0
What is the units digit of 374?
4
What is the hundreds digit of 1020?
0
What is the thousands digit of 33376?
3
What is the units digit of 310?
0
What is the tens digit of 1206?
0
What is the hundreds digit of 1402?
4
What is the units digit of 27935?
5
What is the thousands digit of 63909?
3
What is the thousands digit of 6804?
6
What is the tens digit of 9026?
2
What is the units digit of 2738?
8
What is the units digit of 566?
6
What is the tens digit of 1840?
4
What is the thousands digit of 29271?
9
What is the thousands digit of 4928?
4
What is the thousands digit of 40756?
0
What is the tens digit of 40831?
3
What is the tens digit of 275?
7
What is the tens digit of 5672?
7
What is the tens digit of 730?
3
What is the hundreds digit of 2662?
6
What is the tens digit of 2192?
9
What is the tens digit of 1963?
6
What is the hundreds digit of 1627?
6
What is the tens digit of 1752?
5
What is the hundreds digit of 968?
9
What is the tens digit of 551?
5
What is the tens digit of 825?
2
What is the hundreds digit of 5658?
6
What is the thousands digit of 47624?
7
What is the units digit of 114114?
4
What is the tens digit of 240?
4
What is the hundreds digit of 174003?
0
What is the thousands digit of 2395?
2
What is the units digit of 329?
9
What is the units digit of 613?
3
What is the tens digit of 11362?
6
What is the tens digit of 1917?
1
What is the thousands digit of 1331?
1
What is the tens digit of 1085?
8
What is the hundreds digit of 1292?
2
What is the ten thousands digit of 94170?
9
What is the thousands digit of 5912?
5
What is the units digit of 935?
5
What is the units digit of 24448?
8
What is the thousands digit of 3695?
3
What is the thousands digit of 44529?
4
What is the units digit of 57979?
9
What is the tens digit of 3479?
7
What is the hundreds digit of 254?
2
What is the units digit of 11060?
0
What is the hundreds digit of 651?
6
What is the units digit of 14939?
9
What is the tens digit of 101?
0
What is the tens digit of 28899?
9
What is the hundreds digit of 23764?
7
What is the tens digit of 688?
8
What is the tens digit of 3703?
0
What is the thousands digit of 2610?
2
What is the units digit of 3950?
0
What is the hundreds digit of 31310?
3
What is the hundreds digit of 21121?
1
What is the hundreds digit of 135?
1
What is the hundreds digit of 224?
2
What is the ten thousands digit of 16109?
1
What is the hundreds digit of 732?
7
What is the units digit of 11403?
3
What is the tens digit of 1887?
8
What is the hundreds digit of 8970?
9
What is the hundreds digit of 89748?
7
What is the thousands digit of 7699?
7
What is the tens digit of 1880?
8
What is the units digit of 1354?
4
What is the tens digit of 2098?
9
What is the thousands digit of 1526?
1
What is the hundreds digit of 29975?
9
What is the hundreds digit of 1475?
4
What is the hundred thousands digit of 101958?
1
What is the hundreds digit of 21361?
3
What is the hundreds digit of 143?
1
What is the units digit of 7498?
8
What is the tens digit of 750?
5
What is the tens digit of 28013?
1
What is the units digit of 5314?
4
What is the tens digit of 386?
8
What is the tens digit of 2613?
1
What is the units digit of 2332?
2
What is the tens digit of 530?
3
What is the units digit of 791?
1
What is the hundreds digit of 7490?
4
What is the units digit of 12435?
5
What is the hundreds digit of 1630?
6
What is the units digit of 1907?
7
What is the tens digit of 543?
4
What is the tens digit of 1250?
5
What is the tens digit of 2197?
9
What is the tens digit of 1126?
2
What is the tens digit of 655?
5
What is the thousands digit of 10761?
0
What is the tens digit of 858?
5
What is the hundreds digit of 6582?
5
What is the thousands digit of 10484?
0
What is the units digit of 4451?
1
What is the thousands digit of 2723?
2
What is the tens digit of 4374?
7
What is the thousands digit of 4612?
4
What is the ten thousands digit of 57470?
5
What is the ten thousands digit of 25777?
2
What is the hundreds digit of 791?
7
What is the units digit of 192?
2
What is the tens digit of 28044?
4
What is the ten thousands digit of 100359?
0
What is the thousands digit of 1668?
1
What is the thousands digit of 4186?
4
What is the units digit of 2900?
0
What is the units digit of 17558?
8
What is the units digit of 129733?
3
What is the units digit of 58472?
2
What is the thousands digit of 5143?
5
What is the units digit of 77024?
4
What is the thousands digit of 13405?
3
What is the units digit of 265?
5
What is the tens digit of 23952?
5
What is the hundreds digit of 1279?
2
What is the tens digit of 8183?
8
What is the units digit of 1709?
9
What is the units digit of 917?
7
What is the hundreds digit of 163?
1
What is the ten thousands digit of 30615?
3
What is the units digit of 25479?
9
What is the units digit of 1042?
2
What is the tens digit of 3326?
2
What is the tens digit of 8876?
7
What is the hundreds digit of 181?
1
What is the hundreds digit of 476?
4
What is the thousands digit of 2006?
2
What is the thousands digit of 30616?
0
What is the hundreds digit of 533?
5
What is the thousands digit of 2265?
2
What is the tens digit of 6276?
7
What is the tens digit of 698?
9
What is the tens digit of 2947?
4
What is the hundreds digit of 4333?
3
What is the ten thousands digit of 59080?
5
What is the units digit of 21476?
6
What is the ten thousands digit of 17641?
1
What is the thousands digit of 4417?
4
What is the tens digit of 978?
7
What is the hundreds digit of 432?
4
What is the units digit of 2980?
0
What is the ten thousands digit of 50011?
5
What is the tens digit of 19941?
4
What is the units digit of 3219?
9
What is the thousands digit of 53142?
3
What is the ten thousands digit of 16298?
1
What is the units digit of 3740?
0
What is the units digit of 6793?
3
What is the thousands digit of 176083?
6
What is the thousands digit of 13539?
3
What is the tens digit of 9792?
9
What is the units digit of 961?
1
What is the thousands digit of 1577?
1
What is the ten thousands digit of 77700?
7
What is the units digit of 131?
1
What is the units digit of 990?
0
What is the thousands digit of 1339?
1
What is the thousands digit of 1856?
1
What is the thousands digit of 8345?
8
What is the thousands digit of 1020?
1
What is the units digit of 7775?
5
What is the hundreds digit of 9331?
3
What is the tens digit of 141513?
1
What is the ten thousands digit of 33469?
3
What is the tens digit of 1828?
2
What is the tens digit of 6690?
9
What is the tens digit of 1939?
3
What is the thousands digit of 1549?
1
What is the units digit of 4192?
2
What is the hundreds digit of 6804?
8
What is the tens digit of 70143?
4
What is the thousands digit of 31032?
1
What is the hundreds digit of 1557?
5
What is the tens digit of 721?
2
What is the tens digit of 32319?
1
What is the units digit of 24432?
2
What is the tens digit of 80537?
3
What is the units digit of 1743?
3
What is the units digit of 8853?
3
What is the hundreds digit of 799?
7
What is the hundreds digit of 1014?
0
What is the tens digit of 11?
1
What is the thousands digit of 16782?
6
What is the units digit of 376?
6
What is the units digit of 5525?
5
What is the tens digit of 62572?
7
What is the units digit of 109?
9
What is the thousands digit of 3752?
3
What is the tens digit of 3010?
1
What is the units digit of 10214?
4
What is the tens digit of 1026?
2
What is the thousands digit of 24784?
4
What is the thousands digit of 5793?
5
What is the hundreds digit of 12589?
5
What is the tens digit of 8342?
4
What is the ten thousands digit of 110192?
1
What is the tens digit of 278?
7
What is the tens digit of 4753?
5
W